rime factors of 11470.
2, 5, 31, 37
List the prime factors of 19698.
2, 3, 7, 67
What are the prime factors of 3056?
2, 191
List the prime factors of 1372.
2, 7
What are the prime factors of 4031?
29, 139
What are the prime factors of 157?
157
List the prime factors of 3091.
11, 281
What are the prime factors of 110185?
5, 22037
List the prime factors of 1717.
17, 101
List the prime factors of 3516.
2, 3, 293
List the prime factors of 25307.
25307
List the prime factors of 2942.
2, 1471
What are the prime factors of 7053?
3, 2351
What are the prime factors of 8708?
2, 7, 311
What are the prime factors of 110?
2, 5, 11
What are the prime factors of 16818?
2, 3, 2803
List the prime factors of 20846.
2, 7, 1489
What are the prime factors of 54785?
5, 10957
What are the prime factors of 6166?
2, 3083
List the prime factors of 148.
2, 37
What are the prime factors of 2830?
2, 5, 283
What are the prime factors of 9152?
2, 11, 13
List the prime factors of 3470.
2, 5, 347
List the prime factors of 35223.
3, 59, 199
List the prime factors of 7476.
2, 3, 7, 89
List the prime factors of 23829.
3, 13, 47
What are the prime factors of 2064?
2, 3, 43
List the prime factors of 2172.
2, 3, 181
What are the prime factors of 1120?
2, 5, 7
List the prime factors of 574.
2, 7, 41
What are the prime factors of 53671?
191, 281
List the prime factors of 15180.
2, 3, 5, 11, 23
List the prime factors of 7457.
7457
What are the prime factors of 1585?
5, 317
What are the prime factors of 12076?
2, 3019
What are the prime factors of 5141?
53, 97
List the prime factors of 3748.
2, 937
What are the prime factors of 2438?
2, 23, 53
What are the prime factors of 20268?
2, 3, 563
What are the prime factors of 1026?
2, 3, 19
List the prime factors of 2062.
2, 1031
What are the prime factors of 726?
2, 3, 11
What are the prime factors of 720?
2, 3, 5
What are the prime factors of 1162?
2, 7, 83
What are the prime factors of 1519?
7, 31
What are the prime factors of 47860?
2, 5, 2393
What are the prime factors of 1740?
2, 3, 5, 29
What are the prime factors of 71953?
7, 19, 541
What are the prime factors of 3122?
2, 7, 223
List the prime factors of 15564.
2, 3, 1297
List the prime factors of 7016.
2, 877
What are the prime factors of 4751?
4751
What are the prime factors of 86660?
2, 5, 7, 619
List the prime factors of 10058.
2, 47, 107
List the prime factors of 33550.
2, 5, 11, 61
What are the prime factors of 199?
199
What are the prime factors of 59009?
59009
What are the prime factors of 5070?
2, 3, 5, 13
List the prime factors of 9857.
9857
List the prime factors of 2103.
3, 701
List the prime factors of 7250.
2, 5, 29
List the prime factors of 659.
659
What are the prime factors of 4586?
2, 2293
List the prime factors of 81.
3
List the prime factors of 17903.
17903
List the prime factors of 145.
5, 29
What are the prime factors of 74333?
7, 37, 41
List the prime factors of 22459.
37, 607
What are the prime factors of 5382?
2, 3, 13, 23
What are the prime factors of 5463?
3, 607
List the prime factors of 581.
7, 83
What are the prime factors of 12150?
2, 3, 5
What are the prime factors of 12121?
17, 23, 31
List the prime factors of 20449.
11, 13
List the prime factors of 114229.
114229
List the prime factors of 24231.
3, 41, 197
List the prime factors of 448.
2, 7
What are the prime factors of 1602?
2, 3, 89
What are the prime factors of 4125?
3, 5, 11
What are the prime factors of 180?
2, 3, 5
What are the prime factors of 79813?
79813
What are the prime factors of 5104?
2, 11, 29
List the prime factors of 1077.
3, 359
What are the prime factors of 1807?
13, 139
What are the prime factors of 36139?
71, 509
List the prime factors of 1419.
3, 11, 43
What are the prime factors of 18040?
2, 5, 11, 41
What are the prime factors of 56463?
3, 11, 29, 59
What are the prime factors of 758?
2, 379
List the prime factors of 979.
11, 89
List the prime factors of 43343.
89, 487
List the prime factors of 5050.
2, 5, 101
What are the prime factors of 6651?
3, 739
List the prime factors of 1857.
3, 619
What are the prime factors of 297?
3, 11
List the prime factors of 2630.
2, 5, 263
What are the prime factors of 2513?
7, 359
What are the prime factors of 2818?
2, 1409
What are the prime factors of 22031?
22031
What are the prime factors of 3862?
2, 1931
List the prime factors of 31112.
2, 3889
List the prime factors of 17237.
11, 1567
List the prime factors of 2172.
2, 3, 181
List the prime factors of 22893.
3, 13, 587
List the prime factors of 52432.
2, 29, 113
What are the prime factors of 14?
2, 7
List the prime factors of 1169.
7, 167
List the prime factors of 924.
2, 3, 7, 11
What are the prime factors of 3528?
2, 3, 7
List the prime factors of 18374.
2, 9187
List the prime factors of 2223.
3, 13, 19
What are the prime factors of 295?
5, 59
What are the prime factors of 17231?
17231
List the prime factors of 1200.
2, 3, 5
List the prime factors of 59110.
2, 5, 23, 257
What are the prime factors of 210?
2, 3, 5, 7
What are the prime factors of 4611?
3, 29, 53
What are the prime factors of 13129?
19, 691
What are the prime factors of 1340?
2, 5, 67
List the prime factors of 15038.
2, 73, 103
What are the prime factors of 27627?
3, 9209
What are the prime factors of 9578?
2, 4789
What are the prime factors of 2609?
2609
List the prime factors of 99384.
2, 3, 41, 101
What are the prime factors of 15858?
2, 3, 881
What are the prime factors of 972?
2, 3
List the prime factors of 69146.
2, 7, 11, 449
What are the prime factors of 51136?
2, 17, 47
What are the prime factors of 3920?
2, 5, 7
What are the prime factors of 132061?
41, 3221
What are the prime factors of 393?
3, 131
What are the prime factors of 94?
2, 47
What are the prime factors of 2345?
5, 7, 67
What are the prime factors of 7639?
7639
List the prime factors of 1094.
2, 547
List the prime factors of 351.
3, 13
List the prime factors of 32076.
2, 3, 11
List the prime factors of 20939.
20939
List the prime factors of 5732.
2, 1433
List the prime factors of 46389.
3, 7, 47
What are the prime factors of 4472?
2, 13, 43
What are the prime factors of 19118?
2, 11, 79
What are the prime factors of 2104?
2, 263
What are the prime factors of 1856?
2, 29
List the prime factors of 27049.
11, 2459
What are the prime factors of 4533?
3, 1511
List the prime factors of 7244.
2, 1811
List the prime factors of 43596.
2, 3, 7, 173
What are the prime factors of 127?
127
List the prime factors of 100797.
3, 33599
List the prime factors of 151.
151
What are the prime factors of 1408?
2, 11
What are the prime factors of 2332?
2, 11, 53
What are the prime factors of 26003?
26003
List the prime factors of 1028.
2, 257
List the prime factors of 753.
3, 251
List the prime factors of 37553.
17, 47
What are the prime factors of 3516?
2, 3, 293
What are the prime factors of 1926?
2, 3, 107
List the prime factors of 193630.
2, 5, 17, 67
What are the prime factors of 68107?
13, 31
List the prime factors of 831.
3, 277
What are the prime factors of 41968?
2, 43, 61
List the prime factors of 1224.
2, 3, 17
List the prime factors of 873.
3, 97
What are the prime factors of 44827?
23, 1949
List the prime factors of 29799.
3, 7, 11, 43
What are the prime factors of 95065?
5, 19013
List the prime factors of 1241.
17, 73
What are the prime factors of 1003?
17, 59
List the prime factors of 31518.
2, 3, 17, 103
What are the prime factors of 4252?
2, 1063
What are the prime factors of 273?
3, 7, 13
List the prime factors of 18540.
2, 3, 5, 103
List the prime factors of 775.
5, 31
What are the prime factors of 8855?
5, 7, 11, 23
List the prime factors of 2417.
2417
List the prime factors of 413.
7, 59
List the prime factors of 5491.
17, 19
What are the prime factors of 51482?
2, 25741
What are the prime factors of 45609?
3, 23, 661
What are the prime factors of 9081?
3, 1009
List the prime factors of 62344.
2, 7793
List the prime factors of 11138.
2, 5569
List the prime factors of 1224.
2, 3, 17
List the prime factors of 8488.
2, 1061
List the prime factors of 4327.
4327
What are the prime factors of 369?
3, 41
What are the prime factors of 8220?
2, 3, 5, 137
What are the prime factors of 5472?
2, 3, 19
What are the prime factors of 13011?
3, 4337
List the pri